 187. Give z(32).
-5
Let g(y) = -y**3 - 3*y**2 + 6*y + 1. Determine g(-5).
21
Let a(n) = -3*n**2 - 5*n - 7. Calculate a(-4).
-35
Let o(f) = -3*f**3 - 28*f**2 - 8*f + 19. Determine o(-9).
10
Let k(n) = -n**3 + 20*n**2 - 54*n + 41. Determine k(17).
-10
Let h(w) = -w**3 + 10*w**2 - 11*w + 6. Determine h(4).
58
Let d(w) = -w**2 + 8*w - 6. What is d(5)?
9
Let z(i) = i**3 - 2*i**2 - 4*i + 4. Determine z(3).
1
Let f(i) = -13*i**2 - i + 7. Calculate f(3).
-113
Let k(y) = -2*y**3 + 4*y**2 - 4*y + 2. Give k(2).
-6
Let o(x) = x**3 - 5*x**2 - 9*x - 3. What is o(7)?
32
Let r(l) = -11*l**2 + 61*l - 8. Determine r(6).
-38
Let o(k) = 4*k**2 + 5*k + 6. What is o(-2)?
12
Let w(g) = g + 1. Give w(10).
11
Let a(r) = -4*r - 14. What is a(-2)?
-6
Let v(q) = q**3 - 10*q**2 + 11*q + 7. Determine v(8).
-33
Let x(o) = -4*o**3 + 2*o**2 - o + 4. What is x(3)?
-89
Let h(j) = j**3 - 3*j**2 + 5*j - 9. Give h(3).
6
Let i(c) = -2*c - 32. What is i(-29)?
26
Let j(x) = -2*x**2 + 63*x - 30. What is j(31)?
1
Let s(a) = a - 29. What is s(12)?
-17
Let o(p) = -p + 14. Calculate o(-9).
23
Let z(y) = -153*y + 1526. Calculate z(10).
-4
Let s(w) = 10*w**2 + 41*w + 37. Calculate s(-3).
4
Let v(z) = z**3 + z**2 + z - 50. Calculate v(0).
-50
Let v(k) = 2*k**2 - 4*k + 2. What is v(2)?
2
Let b(c) = c**3 - 7*c**2 + c + 3. Calculate b(7).
10
Let l(a) = a**3 - 15*a**2 - 14*a - 22. What is l(16)?
10
Let p(m) = m**3 - 17. Give p(0).
-17
Let f(c) = -4*c + 15. What is f(7)?
-13
Let n(b) = b**3 - 6*b**2 - 2*b - 3. Give n(7).
32
Let w(s) = -10*s - 5. Give w(4).
-45
Let l(h) = h**3 - 12*h**2 - 16*h + 23. Give l(13).
-16
Let t(o) = -2*o**2 + 10*o + 29. What is t(-7)?
-139
Let w(t) = t. Calculate w(4).
4
Let p(j) = 173*j + 695. Give p(-4).
3
Let u(w) = -7*w. What is u(-1)?
7
Let x(c) = -c**3 + 5*c**2 + 4*c - 2. Give x(5).
18
Let z(f) = 10*f + 251. What is z(-24)?
11
Let z(n) = n**3 + 3*n**2 + 4*n + 6. Calculate z(-2).
2
Let q(m) = -m**3 - 3*m**2 + 7*m + 10. Calculate q(-5).
25
Let r(o) = -2*o**2 - 9*o + 1. Give r(-4).
5
Let x(v) = -v**2 - 3. What is x(2)?
-7
Let t(p) = -p**3 - 3*p**2 - 44. Give t(-5).
6
Let y(k) = 2*k**3 - 4*k**2 + k + 2. Give y(2).
4
Let w(z) = z. Determine w(9).
9
Let c(a) = 30*a - 15. Calculate c(6).
165
Let b(z) = -2*z**2 + 38*z - 43. Give b(18).
-7
Let x(s) = s**3 - 12*s**2 + 3*s. Give x(8).
-232
Let w(t) = t**3 + 4*t**2 - 9*t + 4. Give w(-6).
-14
Let r(g) = -g**2 - 25*g - 48. Give r(-23).
-2
Let o(w) = -w**2 + 13*w - 9. Determine o(6).
33
Let f(n) = 59*n**2 - 11*n + 11. Determine f(1).
59
Let r(j) = j**3 - 9*j**2 - 9*j - 12. Give r(10).
-2
Let x(f) = 16*f - 24. What is x(7)?
88
Let q(b) = -4*b**3 - 117*b**2 - 139*b + 26. Determine q(-28).
-2
Let m(v) = -3*v - 9. What is m(-5)?
6
Let g(s) = 4*s**2 - 40*s - 15. Determine g(10).
-15
Let b(p) = -p**3 + p - 5. Determine b(-3).
19
Let c(b) = -b**3 + 21*b**2 + 28*b - 131. Determine c(22).
1
Let q(o) = 4*o - 11. What is q(4)?
5
Let d(q) = 4*q**2 - 73*q - 49. What is d(19)?
8
Let t(w) = w**3 - 8*w**2 - 33*w - 8. Calculate t(11).
-8
Let l(w) = -w**3 - 10*w**2 + 12*w + 6. Determine l(-11).
-5
Let g(m) = 2*m**2 - 9*m - 20. Give g(6).
-2
Let d(v) = v**3 + 7*v**2 + 7*v + 21. Calculate d(-6).
15
Let n(g) = 2*g**2 - 26*g - 44. What is n(14)?
-16
Let g(l) = -l + 19. Determine g(0).
19
Let p(q) = -q**2 + 19*q + 4. What is p(15)?
64
Let p(c) = -3*c - 21. What is p(0)?
-21
Let v(w) = -w**3 + 6*w**2 + 15*w + 1. Give v(8).
-7
Let q(z) = 3*z**3 + 2*z**2 - z + 4. Determine q(2).
34
Let r(i) = -18*i - 27. Give r(-8).
117
Let g(z) = -z**3 + 14*z**2 + 117*z - 14. Determine g(-6).
4
Let q(b) = b**2 + 8*b + 33. Determine q(-4).
17
Let v(r) = -3*r**2 + 6*r + 4. What is v(2)?
4
Let q(f) = 71*f + 76. Calculate q(-1).
5
Let y(m) = 2*m - 57. What is y(34)?
11
Let p(m) = -2*m + 17. What is p(7)?
3
Let f(z) = z**2 - z - 3. Calculate f(-1).
-1
Let z(m) = m**2 - 17*m + 7. What is z(16)?
-9
Let s(w) = -w**3 - 7*w**2 + 4*w + 2. Calculate s(-4).
-62
Let c(l) = l**2 - 4*l - 1. Give c(5).
4
Let q(w) = 2*w**2 - 14*w + 13. Determine q(9).
49
Let u(f) = -f - 2. Give u(4).
-6
Let w(j) = j**3 - 38*j**2 - 81*j + 47. Calculate w(40).
7
Let v(j) = -j**2 + 9*j - 18. Determine v(4).
2
Let p(g) = 2*g**3 + 10*g**2 + g + 19. Calculate p(-5).
14
Let m(x) = -4*x + 174. Give m(44).
-2
Let d(a) = -a + 11. Calculate d(6).
5
Let g(s) = -s + 7. Determine g(-13).
20
Let r(w) = -w**3 - 19*w**2 - 19*w - 34. What is r(-18)?
-16
Let f(p) = p - 9. Calculate f(-4).
-13
Let v(l) = -8*l + 4. What is v(7)?
-52
Let l(q) = -q**3 - 48*q**2 - q - 43. What is l(-48)?
5
Let u(z) = 2*z**2 - 3*z - 15. What is u(5)?
20
Let h(z) = -z**3 - 20*z**2 - 18*z + 15. Give h(-19).
-4
Let n(q) = q**3 + 2*q**2 - q + 1. Calculate n(-3).
-5
Let d(b) = -b**2 - 22*b - 42. Give d(-20).
-2
Let d(t) = t**2 + 10*t - 7. Give d(-5).
-32
Let p(y) = y**3 + 10*y**2 + 11*y + 20. Give p(-9).
2
Let g(v) = 4*v + 55. Give g(-16).
-9
Let y(u) = -11*u**2 + 55*u - 10. What is y(5)?
-10
Let n(x) = -x**2 + 2*x - 27. What is n(0)?
-27
Let q(k) = k. Give q(-1).
-1
Let x(w) = -3*w + 50. Give x(19).
-7
Let x(i) = -2*i - 25. Calculate x(-13).
1
Let j(y) = -5*y + 163. Calculate j(34).
-7
Let f(j) = -43*j + 2. Give f(1).
-41
Let q(f) = -2*f**2 + 4. What is q(2)?
-4
Let s(d) = d**3 + d**2 - 2*d + 4. Give s(-3).
-8
Let t(u) = 9*u + 38. Calculate t(-5).
-7
Let d(l) = 2*l - 25. Calculate d(16).
7
Let t(p) = 19*p + 229. Give t(-10).
39
Let c(u) = u**3 + 2*u**2 - 4*u - 6. What is c(-4)?
-22
Let i(v) = -10*v + 85. Give i(8).
5
Let s(w) = 11*w**3 - w**2 + 2*w. What is s(1)?
12
Let g(w) = 3*w + 25. What is g(-13)?
-14
Let p(l) = l**3 + 7*l**2 - 18*l + 22. Calculate p(-9).
22
Let l(g) = -3*g + 48. Determine l(14).
6
Let f(i) = -3*i**3 - 4*i**2 - 8*i - 2. Determine f(-2).
22
Let a(l) = l**2 + 15*l - 17. Determine a(-15).
-17
Let z(y) = -49*y + 163. Give z(3).
16
Let s(k) = k**3 + 17*k**2 - 19. Give s(-17).
-19
Let y(s) = -s**3 - 8*s**2 - 11*s - 9. What is y(-7)?
19
Let d(f) = 4*f**2 + 16*f + 10. Give d(-6).
58
Let u(q) = q**3 + 4*q**2 + 2*q - 7. Determine u(-3).
-4
Let v(s) = 2*s**2 + 5*s - 1. What is v(-5)?
24
Let s(g) = g + 5. Calculate s(6).
11
Let c(u) = -u**2 - 6*u - 8. What is c(-5)?
-3
Let z(r) = -3*r**2 + 29*r - 67. Calculate z(3).
-7
Let v(o) = o**2 + 14*o + 30. Give v(-11).
-3
Let x(d) = d**2 - 8*d. What is x(4)?
-16
Let n(z) = -2*z**2 + 14*z + 20. Give n(7).
20
Let o(d) = -d - 4. Determine o(-5).
1
Let k(u) = -2*u**3 + 9*u**2 - 7*u - 1. Determine k(6).
-151
Let c(l) = -2*l + 38. Calculate c(9).
20
Let k(z) = z**3 + 8*z**2 + 18*z - 9. Give k(-4).
-17
Let d(s) = 4*s**3 - 4*s**2 - 10*s + 2. Determine d(-2).
-26
Let x(b) = b**2 + 15*b - 12. Calculate x(1).
4
Let y(t) = -t**3 - 8*t**2 - t - 3. Determine y(-8).
5
Let b(g) = -g**3 + 6*g**2 + 5*g + 6. What is b(7)?
-8
Let f(p) = 20*p + 3. Calculate f(3).
63
Let i(n) = -33*n**2. Determine i(1).
-33
Let b(k) = 10*k - 22. Give b(6).
38
Let g(z) = -15*z**2 - 2*z - 1. What is g(-2)?
-57
Let n(s) = s**3 - 5*s**2 + 7*s + 9. What is n(4)?
21
Let j(v) = -v**3 + 4*v**2 - 11*v - 5. Calculate j(6).
-143
Let r(t) = t**2 - 19*t + 15. Give r(9).
-75
Let w(h) = -3*h + 27. Give w(13).
-12
Let y(z) = -5*z + 1. Calculate y(-1).
6
Let d(y) = -y - 23. Give d(-9).
-14
Let c(w) = -w**3 + 6*w**2 + w - 1. Determine c(6).
5
Let n(l) = -l**2 + l - 5. Calculate n(0).
-5
Let a(m) = 15*m. Give a(4).
60
Let x(u) = -u**3 - 22*u**2 + u + 6. What is x(-22)?
-16
Let d(g) = -3*g - 10. Calculate d(4).
-22
Let i(h) = -28*h + 757. Determine i(27).
1
Let g(p) = -p**3 + 7*p**2 - 14*p + 37. Calculate g(6).
-11
Let y(p) = -2*p + 7. Give y(-6).
19
Let w(q) = 4*q + 1. Calculate w(7).
29
Let n(p) = -p**3 + 3*p**2 + 2*p - 4. Determine n(3).
2
Let t(y) = y**3 + 9*y**2 + 3*y - 32. Give t(-3).
13
Let r(u) = -5*u - 2. Determine r(-16).
78
Let z(t) = -14*t**2 + 1. Determine z(-2).
-55
Let k(n) = 19*n + 9. What is k(-1)?
-10
Let u(i) = -i**3 + 46*i**2 - 86*i - 92. What is u(44)?
-4
Let t(h) = 14*h + 212. Determine t(-15).
2
Let r(i) = -i**3 + 2*i**2 - 6*i + 11. What is r(2)?
-1
Let q(g) = g**3 + 12*g**2 + 23*g + 12. Give q(-9).
48
Let j(i) = i**2 - 8*i + 4. Give j(9).
13
Let h(x) = x**2 + 4*x - 4. Give h(-3).
-7
Let q(j) = -4*j + 15. Give q(-6).
39
Let b(q) = q**3 + 10*q**2 + 17*q + 13. What is b(-8)?
5
Let d(k) = k**3 - 9*k**2 - 2*k - 8. Calculate d(10).
7